
4
Calculate the remainder when 140172 is divided by 225.
222
What is the remainder when 497879 is divided by 77?
74
Calculate the remainder when 210422 is divided by 29.
27
What is the remainder when 10096 is divided by 1108?
124
What is the remainder when 7788 is divided by 323?
36
Calculate the remainder when 9626 is divided by 4813.
0
What is the remainder when 9763 is divided by 161?
103
Calculate the remainder when 34027 is divided by 47.
46
Calculate the remainder when 151231 is divided by 1559.
8
Calculate the remainder when 9874 is divided by 1408.
18
Calculate the remainder when 7015 is divided by 78.
73
What is the remainder when 1658 is divided by 1601?
57
Calculate the remainder when 65682 is divided by 21.
15
What is the remainder when 6321 is divided by 90?
21
What is the remainder when 22597 is divided by 3428?
2029
What is the remainder when 44094 is divided by 225?
219
Calculate the remainder when 72209 is divided by 10315.
4
What is the remainder when 6210 is divided by 24?
18
Calculate the remainder when 71231 is divided by 371.
370
What is the remainder when 1614 is divided by 1352?
262
Calculate the remainder when 43513 is divided by 44.
41
What is the remainder when 3353 is divided by 256?
25
Calculate the remainder when 373453 is divided by 31.
27
Calculate the remainder when 3214 is divided by 76.
22
What is the remainder when 14477 is divided by 1444?
37
Calculate the remainder when 33250 is divided by 11.
8
What is the remainder when 3091 is divided by 154?
11
What is the remainder when 13145 is divided by 571?
12
Calculate the remainder when 101284 is divided by 11.
7
What is the remainder when 478 is divided by 476?
2
What is the remainder when 26604 is divided by 56?
4
What is the remainder when 185573 is divided by 445?
8
Calculate the remainder when 158874 is divided by 9.
6
What is the remainder when 37104 is divided by 240?
144
What is the remainder when 22126 is divided by 23?
0
Calculate the remainder when 27525 is divided by 37.
34
Calculate the remainder when 429758 is divided by 20.
18
Calculate the remainder when 362615 is divided by 24.
23
Calculate the remainder when 19602 is divided by 15.
12
What is the remainder when 13242 is divided by 781?
746
What is the remainder when 186121 is divided by 134?
129
Calculate the remainder when 59782 is divided by 334.
330
Calculate the remainder when 21697 is divided by 504.
25
What is the remainder when 17063 is divided by 322?
319
What is the remainder when 34265 is divided by 6?
5
What is the remainder when 474473 is divided by 91?
90
What is the remainder when 19243 is divided by 401?
396
Calculate the remainder when 150063 is divided by 562.
9
Calculate the remainder when 4903 is divided by 4874.
29
What is the remainder when 798 is divided by 193?
26
What is the remainder when 281159 is divided by 198?
197
What is the remainder when 281632 is divided by 549?
544
What is the remainder when 3291 is divided by 60?
51
What is the remainder when 4570 is divided by 953?
758
Calculate the remainder when 11077 is divided by 482.
473
Calculate the remainder when 290249 is divided by 40.
9
What is the remainder when 158383 is divided by 76?
75
What is the remainder when 6078 is divided by 137?
50
Calculate the remainder when 51356 is divided by 17.
16
What is the remainder when 100808 is divided by 3?
2
What is the remainder when 2539 is divided by 304?
107
What is the remainder when 24348 is divided by 21?
9
What is the remainder when 3113 is divided by 6?
5
Calculate the remainder when 33167 is divided by 158.
145
What is the remainder when 327390 is divided by 299?
284
What is the remainder when 4351985 is divided by 331?
328
Calculate the remainder when 18543 is divided by 232.
215
What is the remainder when 24464 is divided by 1017?
56
Calculate the remainder when 5359 is divided by 2639.
81
Calculate the remainder when 16955 is divided by 212.
207
Calculate the remainder when 1715 is divided by 1588.
127
What is the remainder when 566 is divided by 332?
234
What is the remainder when 31967 is divided by 917?
789
Calculate the remainder when 30998 is divided by 1351.
1276
Calculate the remainder when 8224 is divided by 752.
704
What is the remainder when 372079 is divided by 351?
19
Calculate the remainder when 12065 is divided by 6027.
11
Calculate the remainder when 2438286 is divided by 97.
94
What is the remainder when 2925 is divided by 376?
293
Calculate the remainder when 34938 is divided by 384.
378
What is the remainder when 7782 is divided by 26?
8
Calculate the remainder when 23143 is divided by 142.
139
What is the remainder when 18499 is divided by 452?
419
What is the remainder when 123459 is divided by 1299?
54
Calculate the remainder when 92272 is divided by 93.
16
What is the remainder when 9857 is divided by 1466?
1061
Calculate the remainder when 199715 is divided by 18155.
10
Calculate the remainder when 1984 is divided by 648.
40
What is the remainder when 14886 is divided by 105?
81
What is the remainder when 819 is divided by 131?
33
What is the remainder when 178 is divided by 96?
82
What is the remainder when 10607 is divided by 5244?
119
Calculate the remainder when 2462 is divided by 626.
584
Calculate the remainder when 38709 is divided by 320.
309
Calculate the remainder when 2070 is divided by 1937.
133
Calculate the remainder when 932240 is divided by 130.
10
What is the remainder when 10493 is divided by 66?
65
Calculate the remainder when 1786889 is divided by 469.
468
What is the remainder when 2662 is divided by 298?
278
What is the remainder when 15430 is divided by 7702?
26
What is the remainder when 8660 is divided by 735?
575
What is the remainder when 614519 is divided by 102414?
35
What is the remainder when 158938 is divided by 180?
178
What is the remainder when 40032 is divided by 1028?
968
Calculate the remainder when 12463 is divided by 509.
247
What is the remainder when 18566 is divided by 208?
54
Calculate the remainder when 4917 is divided by 246.
243
Calculate the remainder when 1643671 is divided by 46.
45
What is the remainder when 60768 is divided by 222?
162
What is the remainder when 6999 is divided by 189?
6
What is the remainder when 206514 is divided by 17?
15
What is the remainder when 37730 is divided by 1450?
30
Calculate the remainder when 492362 is divided by 246177.
8
Calculate the remainder when 358 is divided by 20.
18
What is the remainder when 240808 is divided by 507?
490
Calculate the remainder when 76524 is divided by 1093.
14
What is the remainder when 88049 is divided by 21?
17
What is the remainder when 158 is divided by 78?
2
What is the remainder when 72536 is divided by 180?
176
Calculate the remainder when 15040 is divided by 367.
360
What is the remainder when 4326 is divided by 1072?
38
What is the remainder when 292 is divided by 93?
13
What is the remainder when 2834 is divided by 31?
13
Calculate the remainder when 208609 is divided by 3725.
9
Calculate the remainder when 8805 is divided by 14.
13
Calculate the remainder when 1964 is divided by 618.
110
Calculate the remainder when 268106 is divided by 67022.
18
What is the remainder when 22596 is divided by 309?
39
What is the remainder when 45391 is divided by 178?
1
Calculate the remainder when 458117 is divided by 1193.
5
Calculate the remainder when 72035 is divided by 36004.
27
What is the remainder when 54234 is divided by 537?
534
Calculate the remainder when 3561 is divided by 536.
345
Calculate the remainder when 21361 is divided by 976.
865
What is the remainder when 352155 is divided by 710?
705
What is the remainder when 2090 is divided by 1727?
363
Calculate the remainder when 14792 is divided by 274.
270
What is the remainder when 289688 is divided by 465?
458
Calculate the remainder when 7986 is divided by 3718.
550
Calculate the remainder when 894 is divided by 238.
180
What is the remainder when 23030 is divided by 73?
35
Calculate the remainder when 126320 is divided by 198.
194
What is the remainder when 7698 is divided by 241?
227
What is the remainder when 7474 is divided by 2367?
373
Calculate the remainder when 13272 is divided by 408.
216
Calculate the remainder when 275761 is divided by 25.
11
Calcu